
16
Let i = 27967 + -27807. Let a be ((-1)/2)/(7/(-448)). What is the greatest common factor of i and a?
32
Suppose 11 + 29 = -5*s. Let u be (-2 + s)/((-185)/1406). What is the highest common divisor of u and 57?
19
Suppose 14*q + 4*v = 720, -q + 33 + 32 = 3*v. Calculate the highest common divisor of 10 and q.
10
Let k(g) = -2*g**3 - 3*g**2 + 4*g. Suppose 2*j = -d - 8, -2*d = j + 9 - 5. Let o be k(j). Calculate the greatest common divisor of 2 and o.
2
Let u(r) = 2*r**3 + 211*r**2 - 106*r + 574. Let i be u(-106). Calculate the greatest common factor of i and 4.
2
Suppose m - 114 = -3*b, 2*m = 2*b + 286 - 82. Calculate the highest common factor of 14 and m.
7
Let z be (-48)/(-20)*(-6)/10*-25. Calculate the highest common divisor of z and 2124.
36
Suppose 5*a = -2*d + 3*d + 154045, 3*a - 92439 = 3*d. Suppose 0 = 34*j + a - 89968. What is the greatest common divisor of 60 and j?
60
Let v(w) = -893*w + 4*w**3 + 905*w - 26 - 7*w**2 - 5*w**3. Let h be v(-9). What is the highest common divisor of h and 7?
7
Let k(r) = -27*r + 165. Let u be k(6). Suppose 3*w = 3*v - 105, 0 = -2*v - u*v - 4*w + 211. What is the greatest common factor of v and 78?
39
Let t(j) be the third derivative of j**6/120 + j**5/20 - 13*j**4/24 + j**3 - 142*j**2. Let b be t(3). What is the highest common divisor of 98 and b?
7
Suppose -22*a - 8452 = -98542. Calculate the greatest common factor of 63 and a.
63
Let f be -1 - (-5)/((-25)/(-55)). What is the greatest common factor of 7490 and f?
10
Let b = -206 + 104. Let k = b + 107. Suppose -3*x = -0*j + 4*j - 79, k*j - 122 = 4*x. Calculate the greatest common factor of j and 11.
11
Let n(l) = -l**3 - 16*l**2 - 5*l - 16. Let d be n(-16). Let o = d - 61. Suppose 3*i = 3, z - 2*i = 6 - o. What is the highest common divisor of z and 40?
5
Suppose 0 = 18*u - 6*u - 180. Let b(x) = -7*x + 4*x + u*x + x**2 - x**3 + 4. Let h be b(-3). What is the highest common divisor of h and 2?
2
Let z(j) = 4*j**2 + 91*j - 262. Let l be z(10). What is the highest common factor of 32 and l?
8
Let v = -38 - -43. Suppose -v*f = -3*j - 40, -f = -3*j - 5 - 15. Suppose -f*p = -2*p - 12. What is the greatest common factor of p and 32?
4
Let m = -6483 + 6486. Calculate the highest common divisor of 103 and m.
1
Let r = 13828 + -7232. Calculate the highest common divisor of r and 136.
68
Suppose 4*o = 3*r - 1 - 6, 5*o + 5 = 3*r. What is the highest common factor of 232 and r?
1
Suppose -1279*y - 3795 = -1334*y. Calculate the greatest common factor of y and 18.
3
Suppose 8*q - 118*q + 56100 = 0. Calculate the greatest common factor of 5270 and q.
170
Suppose -4*n - 31 = -223. Let a be (-12)/(-10) - (-10296)/220. Suppose 2*l + 2*m = -0*l + a, m - n = -2*l. Calculate the greatest common factor of l and 192.
24
Suppose -7*q + 198 = -2*q + 4*q. Suppose u + 0*u - 855 = 0. Suppose -19*y + q*y - u = 0. What is the highest common factor of 15 and y?
15
Let w be (2 + 430)*12/18. Let y(d) = 18*d + 41. Let o be y(-2). Suppose 0 = -m + o, 146 = 4*v + 4*m - 2. Calculate the highest common divisor of w and v.
32
Let w = -8 - -28. Let o be 8/6*(81315/(-52))/(-15). Suppose 0 = x - a - o, 108 = 4*x + 3*a - 455. What is the highest common divisor of w and x?
20
Let n(g) = 594*g**2 + g - 1. Let f be n(1). Suppose 44*o - 35*o = f. Calculate the greatest common factor of o and 88.
22
Let l = -20 - -16. Let p be (-36)/27*102/l. Let g be 36 + 0/3 - (-2)/(-1). Calculate the highest common factor of g and p.
34
Suppose -9*b + 1456 = 14*b + 3*b. Calculate the greatest common factor of 11004 and b.
28
Suppose -6*f = -3*f - 99. Let z(p) = 305*p + 5. Let t be z(3). Suppose 4*n + 0*c - 922 = -2*c, -4*c + t = 4*n. Calculate the greatest common factor of n and f.
33
Suppose i - 11 = 2*n, -3*i - 7*n = -9*n - 21. Let y be 106 - 3 - (i - 1). Let q be (-2)/3*(-33)/2. What is the greatest common factor of y and q?
11
Let a be (-1 - (-48)/80)*-35*1. What is the highest common factor of 623 and a?
7
Let m = -130 - -190. What is the greatest common divisor of m and 2680?
20
Let n(d) be the second derivative of d**3/3 + 5*d**2 + 21*d. Let p be n(-3). Suppose p*j - 336 = j. What is the highest common divisor of j and 14?
14
Suppose -r = r - 104. Suppose -x = 29 + 11. Let k = r + x. Calculate the highest common factor of 4 and k.
4
Suppose 253*c - 5 = 1789 + 736. Calculate the highest common factor of c and 445.
5
Let z(l) be the third derivative of 3*l**4/8 - 17*l**3/6 + 11*l**2. Let c be z(7). Suppose 8*h - 6*h - 46 = 0. Calculate the greatest common divisor of h and c.
23
Suppose 0 = k - 7, 0 = -2*r - 6*k + 10*k + 18524. Calculate the greatest common factor of 36 and r.
12
Let b be (-196880)/(-24) + 88/132. Calculate the greatest common factor of 56 and b.
28
Let y(u) = -u**3 + 4*u**2 + 4*u - 1. Let t be y(4). Suppose -12*w - 3 = -t*w. Suppose 0 = 2*v + 33 - 43. What is the highest common factor of w and v?
1
Suppose -k = -2*f + 248, k - 2 = -0*k. Let h = 10679 - 10674. What is the highest common factor of f and h?
5
Let r = 6 + 1. Let w be (2 + 1 - r)*(-48)/2. Suppose 11*k = 3*k + w. Calculate the greatest common factor of 54 and k.
6
Suppose 15*n - 988 = -p + 19*n, -p = 5*n - 1033. Suppose -6*j = 6*j - p. Calculate the greatest common factor of j and 21.
21
Suppose 0 = 36*z - 611 + 251. Suppose 0*l + 84 = 4*l. Let y be (l/6 - 1)*4. What is the highest common divisor of z and y?
10
Suppose 4*g - 163 - 142 = -k, -2*k - 5*g = -607. What is the highest common factor of k and 2021?
43
Let t(x) = -3*x - 32. Let j be t(-14). Let w be (j/(20/(-3)))/(1/(-2)). Let c be (w + (-4)/(32/84))*-4. Calculate the greatest common factor of 210 and c.
30
Suppose 0 = -a + o + 27, -1 = -2*o + o. Calculate the greatest common factor of 216 and a.
4
Let i(v) = 2*v + 134. Let z be i(-13). Calculate the greatest common divisor of z and 1548.
36
Suppose -2*t - 3*i = -224, -408 = -4*t - 98*i + 97*i. Calculate the highest common factor of 32300 and t.
100
Let p(n) = -12*n + 693. Let a be p(0). Let w be a/66*(2 + 0 + 0). Suppose 0 = -k - k + 28. What is the greatest common factor of w and k?
7
Let y(g) = 2*g**3 - 26*g**2 - 61*g + 20. Let j be y(15). Suppose 597 = j*r + 282. What is the highest common factor of r and 168?
21
Let o(s) = -s**3 + 5*s**2 + 3*s + 5. Let g be o(5). Let m be ((-12)/7)/((-2)/7). Suppose -m*r + 560 = -2*r. Calculate the greatest common divisor of g and r.
20
Suppose -3*r = 17 - 656. Let i = r + 11. Calculate the highest common factor of i and 14.
14
Let x(z) = -228*z + 272. Let t be x(-1). Calculate the highest common factor of t and 7900.
100
Let q(d) = -114*d + 1047. Let j be q(9). What is the greatest common divisor of 567 and j?
21
Let x be (128/10)/(0 - 12/(-2010)). Calculate the highest common factor of 544 and x.
32
Let q(s) = 579*s - 630. Let p be q(21). What is the greatest common divisor of 189 and p?
189
Let u = -5580 - -5625. Suppose -75*z = -77*z + 990. Calculate the greatest common divisor of u and z.
45
Let l = 199 + -205. Let b be 6 + 15/5 - l. Calculate the greatest common factor of b and 3.
3
Let j = -4 + 34. Let i = -1315 - -1450. Calculate the highest common factor of j and i.
15
Let o = 7995 - 2315. What is the highest common factor of 426 and o?
142
Let h(l) = 8*l**2 - 17*l - 91. Let u be h(17). Suppose -u*j + 370 = -1927*j. What is the highest common factor of j and 111?
37
Let x = 9346 - 9285. What is the greatest common factor of 1952 and x?
61
Let y(a) = 5*a**2 + 23*a - 206. Let p be y(-17). What is the highest common factor of 6572 and p?
212
Let t(p) = 4*p**2 - 6*p - 6. Let h be t(-3). Suppose -j = j - h. Let k = 4818 - 4806. What is the greatest common factor of j and k?
12
Suppose -15*j - 159 = -19*j - 5*u, 4*j + u - 179 = 0. What is the greatest common divisor of j and 3381?
23
Let g(x) = 18*x**2 - x - 4. Let f be g(-4). Suppose 0 = 145*y - 1997 + 1619 - 4262. What is the highest common factor of f and y?
32
Suppose 19*n - 512 = 17*n. Suppose 3*z - 3*l = 57, 2*z + 10 = 3*z + 2*l. What is the greatest common divisor of n and z?
16
Let k(x) = 5*x**2 - 6*x + 6. Let j be k(2). Let q(r) = 4*r - 24. Let s be q(j). Suppose s + 24 = 2*t. Calculate the highest common factor of 7 and t.
7
Let z be (-57560)/(-240)*24*4*1. What is the greatest common factor of z and 16?
16
Let y be (